en 3287 is divided by w(1).
11
What is the remainder when (-188)/423 - 2*40094/(-36) is divided by 148?
7
Let p(k) = 614*k + 3103. Calculate the remainder when (-133)/(-1) + 8/(-4) is divided by p(-5).
32
Suppose -3*n - 5080 = -4*i, 10*i - 6350 = 5*i + 5*n. What is the remainder when i is divided by 17?
12
Suppose 4*y + 2*m = 2, -4*m - 6 = 5*y - 1. Suppose -2*s + 23 = 4*h + 7, 22 = y*h - s. Calculate the remainder when 2 is divided by (2/5)/(h/15).
0
Suppose 2*t - 3*x = 181, -180*x + 98 = t - 183*x. Calculate the remainder when 453 is divided by t.
38
What is the remainder when 923 is divided by (-385)/(-308) + (-1131)/(-4) + -3?
80
Let l(x) = -10*x + 13. Let n be l(4). Let g = n + 29. Suppose -5*o + 101 = g*z, z - 4 - 15 = -o. What is the remainder when 57 is divided by o?
15
Suppose -x + 3*l - 11 + 6 = 0, -5 = 3*x - 4*l. What is the remainder when 49 is divided by 1/((-8)/(-176)) - x?
7
Let w be 3*(-4)/12*-2. Suppose -w*n = -2*k - 26, -4*n + 14 = -5*k - 40. Suppose 24*v - 22*v = 26. Calculate the remainder when v is divided by n.
2
Let c(r) = r**3 + 46*r**2 + 244*r + 184. Calculate the remainder when 7054 is divided by c(-40).
22
Suppose 0 = 365*x - 100789 - 1721656. Calculate the remainder when x is divided by 11.
10
Let n = -89 - -92. Let u(a) = 6*a - 13. Let w be u(n). Suppose -4*y - 3*k = -111, 4*k = w*y - 4*y - 42. What is the remainder when 148 is divided by y?
28
Suppose 4*r - 161 = 23. Suppose -4*n + q = 2*q - 198, n + 2*q - r = 0. Calculate the remainder when n is divided by 33.
17
Suppose -63*w = 46*w - 14388. Calculate the remainder when w is divided by 15.
12
Let h be 8/(-28) - 4/(-14). Suppose -3*n + 3*z + 75 = 0, -z = 4*n - h*n - 125. Let u = -8 + n. Calculate the remainder when 63 is divided by u.
19
Suppose 14*u - 4872 = -15*u. What is the remainder when u is divided by (-4)/(-6)*1 - (-1210)/66?
16
Suppose 0 = 3*b - 1 - 2. Let o(s) = 11*s**2 + 7 + 0*s - 3 + 2*s**2 - 3*s + 0. What is the remainder when 27 is divided by o(b)?
13
Let r(x) = 58*x**2 - 222*x + 1326. What is the remainder when r(6) is divided by 689?
15
Let i(b) = -b**3 + 12*b**2 - 9*b - 2. Let k be i(11). Suppose 0 = 15*x - k*x. Suppose -h - 79 + 266 = x. What is the remainder when h is divided by 38?
35
Suppose -100 = -h - 11*q + 7*q, -5*q = -6*h + 658. What is the remainder when h is divided by 62?
46
Let d = 2563 + -1952. Calculate the remainder when d is divided by 12.
11
Suppose -3*d = 4*k - 22021, -396*d + 401*d - 2*k - 36719 = 0. Calculate the remainder when d is divided by 34.
33
Let m(u) = 461*u**2 - 15*u - 6. Calculate the remainder when m(1) is divided by 91.
76
Let j = -95 - -181. Suppose -4 = 19*q - 20*q. Suppose -q*p - 16 = -60. Calculate the remainder when j is divided by p.
9
Let g(h) = h**3 + 29*h**2 + 29*h + 39. Let t be -30 - (3 + (-20)/4). Let a = 24 - -30. What is the remainder when a is divided by g(t)?
10
Suppose -3*s = 215 - 224, -2*s + 6123 = 3*r. Calculate the remainder when r is divided by 68.
67
Let i = -92 - -155. Suppose -3*t = i - 588. Calculate the remainder when t is divided by 44.
43
Suppose -540*t = -445*t - 2470. Let q(v) = 25*v. Let b be (6/(-10))/((-1)/5). What is the remainder when q(b) is divided by t?
23
Suppose 7*t - 13*t + 30 = 0. Suppose t*x = -1 - 9. What is the remainder when (-1)/(-1)*(-93)/(x + -1) is divided by 12?
7
Let z(a) be the first derivative of -a**3/3 + 7*a**2 + 9*a - 232. Let j = -4 + 18. Calculate the remainder when z(j) is divided by 6.
3
Suppose 0 = 142*m + 4439 - 90352 - 7523. Calculate the remainder when m is divided by 140.
98
Let q = 340 + -10. Let f = q + -283. Calculate the remainder when f is divided by 5.
2
Let b = -162 + 290. What is the remainder when b is divided by 86?
42
Suppose -449 = 62*y - 64*y - 3*k, y = -3*k + 223. What is the remainder when y is divided by 6?
4
Suppose 13710*c = 13715*c - 90. Let p(z) = 7*z - 7. Calculate the remainder when p(4) is divided by c.
3
Suppose 4*l + 35 = 123. Let c be 1/(2/(-6))*9. Let n = c - -34. Calculate the remainder when l is divided by n.
1
Let h(n) = n**3 + 24*n**2 + 91*n - 8. What is the remainder when 153 is divided by h(-19)?
17
Let x be -3*(632/(-12))/2. Suppose -c - x = -135. Calculate the remainder when c is divided by 10.
6
Let s(b) = -b**2 - 29*b + 69. Let y be s(-22). Let n = 230 - y. Suppose 4*v + 3*r = 3*v + 37, 5*v + 3*r - 137 = 0. What is the remainder when v is divided by n?
4
Suppose -95 - 130 = -3*z. Let i(u) = -u + 16. Let m = -3 + -7. Calculate the remainder when z is divided by i(m).
23
Let w = 7 + 201. Let j = -2268 - -2282. What is the remainder when w is divided by j?
12
Let w(g) = 81*g + 10965. What is the remainder when (3/(-2))/((-3)/472) is divided by w(-135)?
26
Let k(a) = 23*a - 1. Let i be k(2). Suppose 2*l + 28 = 3*o - i, 3*l = -5*o + 128. Suppose -5*f = -o - 40. Calculate the remainder when 23 is divided by f.
10
What is the remainder when 3462 is divided by (-6)/(-15) - (-5460)/100?
52
Suppose -17*h + 21*h = 1308. Let p = -117 + h. Suppose 5*g - 2*z - 3*z - p = 0, 0 = g + 3*z - 30. What is the remainder when g is divided by 8?
7
Let k = 13105 - 12367. Calculate the remainder when k is divided by 198.
144
Let x(w) be the third derivative of -w**4/12 + 7*w**3/6 - 3*w**2. Suppose -9*o - p = 3*p - 165, -3 = -p. Calculate the remainder when o is divided by x(-3).
4
Suppose -5*s - 3*h = -3179, -1135*s + 2*h = -1140*s + 3176. What is the remainder when s is divided by 9?
4
Let n be -29*(4/(-10) + (-54)/15). What is the remainder when 47 is divided by n/(1 - -3) - 3?
21
Let i be 40/140 + (-195)/21. Let c(f) = f**3 + 10*f**2 + 7*f - 15. Calculate the remainder when 37 is divided by c(i).
1
Suppose -3*t + 341 = 4*l, -2*l - 190 = -2*t + 42. What is the remainder when 169 is divided by t?
54
Suppose 3*g - 8*d + 6*d + 1370 = 0, -3*g = -3*d + 1371. What is the remainder when 234 is divided by (g/(-36))/((-1)/(-3)) + -3?
24
Let p(n) = 11*n + 58. Suppose 0 = 7*b - 22*b. Let u = -26 + 42. What is the remainder when p(b) is divided by u?
10
Let c(u) = -u**3 + 0 - 18*u + 26*u - 3*u**2 + 4. What is the remainder when (-385)/(-10) + (-1)/(-2) is divided by c(-5)?
11
Let c(w) = 289*w - 274*w + 13*w**3 - 14*w**3 + 6*w**2 + 11. What is the remainder when 86 is divided by c(8)?
2
Let f = -1566 - -1600. Calculate the remainder when f is divided by 6.
4
Suppose -q + 71 = 4*i, 3*q - 15 = 2*i - 40. What is the remainder when i is divided by (-1)/((-4)/40) + 1?
6
Let v = -76 - -120. Calculate the remainder when 9/(-2)*(-17266)/801 is divided by v.
9
Let y(j) = 14*j - 120. Let g be y(9). Calculate the remainder when -2 - g/(-12)*-4 - -12 is divided by 6.
2
Let v(n) = 70*n + 3*n**2 + 9 + 3*n**3 - 10 - 72*n. What is the remainder when v(2) is divided by 13?
5
Suppose 5*r = r + 4, 3*r + 191 = 2*t. Let u = 141 - t. What is the remainder when -15*8/(-36)*(-204)/(-8) is divided by u?
41
Suppose v - 2*m - 162 = 0, -9*v + 792 = -4*v - m. What is the remainder when 7899 is divided by v?
157
Suppose 0 = -10*i - 4*i + 728. Suppose 0 = 2*u - 3*v - i, 9*u - 4*u - 107 = -4*v. Calculate the remainder when 90 is divided by u.
21
Let r = 7009 + -6750. Let y(u) = -5*u - 21. What is the remainder when r is divided by y(-10)?
27
Suppose 2*z - 390 = -3*z. Suppose 0 = -2*m + 36 + z. Calculate the remainder when m is divided by 28.
1
Let q = 116 - 233. Let k = -165 - q. Let d = -39 - k. Calculate the remainder when 69 is divided by d.
6
Let m be 1/8 - 2/((-64)/(-164)). Let p(r) = -7*r - 5. Calculate the remainder when 115 is divided by p(m).
25
What is the remainder when -4 - (3 - 0) - (13 + -998) is divided by 50?
28
Suppose -5*a + 21381 = 4*v, -2*v - 13 = -31. What is the remainder when a is divided by 70?
69
Suppose 0 = -4*u, 3*k + 3*u = 6*k + 60. Let t = -9 - k. Calculate the remainder when (316 - (-2 - 0))*7/42 is divided by t.
9
Suppose 4*l = 2*y - 22 - 22, -l + 37 = y. Let o(z) = z**3 - 5*z**2 + 3*z + 3. Calculate the remainder when y is divided by o(5).
14
Suppose -7*p - 221 + 550 = 0. Suppose -3*n = n - 52. Let t(j) = j - 8. What is the remainder when p is divided by t(n)?
2
What is the remainder when ((-4)/(-15))/((-3)/5) + 30210/54 is divided by -1 - (-2 - (-9)/(-1))?
9
Let t(p) = -90*p - 845. What is the remainder when t(-21) is divided by 30?
25
Suppos